prime factors of 14546?
2, 7, 1039
List the prime factors of 86108.
2, 11, 19, 103
List the prime factors of 16965.
3, 5, 13, 29
List the prime factors of 14452.
2, 3613
List the prime factors of 573.
3, 191
List the prime factors of 2972.
2, 743
List the prime factors of 1810.
2, 5, 181
List the prime factors of 5092.
2, 19, 67
What are the prime factors of 28963?
11, 2633
List the prime factors of 2327.
13, 179
What are the prime factors of 1610?
2, 5, 7, 23
What are the prime factors of 1016?
2, 127
What are the prime factors of 1512?
2, 3, 7
List the prime factors of 414.
2, 3, 23
List the prime factors of 7912.
2, 23, 43
What are the prime factors of 34535?
5, 6907
List the prime factors of 3087.
3, 7
What are the prime factors of 1934?
2, 967
List the prime factors of 4692.
2, 3, 17, 23
List the prime factors of 15139.
15139
What are the prime factors of 3412?
2, 853
What are the prime factors of 27514?
2, 13757
List the prime factors of 44962.
2, 22481
List the prime factors of 79983.
3, 8887
List the prime factors of 2226.
2, 3, 7, 53
What are the prime factors of 1832?
2, 229
List the prime factors of 8260.
2, 5, 7, 59
List the prime factors of 141403.
141403
What are the prime factors of 1166?
2, 11, 53
What are the prime factors of 1615?
5, 17, 19
What are the prime factors of 22377?
3, 7459
What are the prime factors of 796?
2, 199
List the prime factors of 1688.
2, 211
List the prime factors of 573.
3, 191
List the prime factors of 25086.
2, 3, 37, 113
What are the prime factors of 61513?
137, 449
What are the prime factors of 330?
2, 3, 5, 11
What are the prime factors of 5098?
2, 2549
List the prime factors of 754.
2, 13, 29
What are the prime factors of 1889?
1889
What are the prime factors of 3163?
3163
List the prime factors of 2401.
7
What are the prime factors of 829?
829
What are the prime factors of 43?
43
What are the prime factors of 6965?
5, 7, 199
List the prime factors of 2992.
2, 11, 17
What are the prime factors of 10724?
2, 7, 383
List the prime factors of 376.
2, 47
List the prime factors of 13517.
7, 1931
What are the prime factors of 25503?
3, 8501
What are the prime factors of 14455?
5, 7, 59
List the prime factors of 30851.
30851
List the prime factors of 418.
2, 11, 19
What are the prime factors of 5141?
53, 97
List the prime factors of 823.
823
What are the prime factors of 6197?
6197
List the prime factors of 1263.
3, 421
List the prime factors of 32776.
2, 17, 241
List the prime factors of 3053.
43, 71
List the prime factors of 124.
2, 31
What are the prime factors of 9781?
9781
What are the prime factors of 12220?
2, 5, 13, 47
List the prime factors of 2854.
2, 1427
What are the prime factors of 85028?
2, 29, 733
What are the prime factors of 2070?
2, 3, 5, 23
What are the prime factors of 12096?
2, 3, 7
List the prime factors of 5979.
3, 1993
What are the prime factors of 2282?
2, 7, 163
What are the prime factors of 1361?
1361
What are the prime factors of 7504?
2, 7, 67
List the prime factors of 11534.
2, 73, 79
What are the prime factors of 26031?
3, 8677
List the prime factors of 67658.
2, 33829
What are the prime factors of 35421?
3, 11807
List the prime factors of 8333.
13, 641
What are the prime factors of 987?
3, 7, 47
What are the prime factors of 12807?
3, 1423
What are the prime factors of 34562?
2, 11, 1571
What are the prime factors of 447?
3, 149
List the prime factors of 9294.
2, 3, 1549
List the prime factors of 862.
2, 431
List the prime factors of 6881.
7, 983
What are the prime factors of 2520?
2, 3, 5, 7
List the prime factors of 692.
2, 173
List the prime factors of 578.
2, 17
What are the prime factors of 21?
3, 7
What are the prime factors of 1497?
3, 499
List the prime factors of 13021.
29, 449
List the prime factors of 669.
3, 223
What are the prime factors of 59732?
2, 109, 137
What are the prime factors of 686?
2, 7
List the prime factors of 2598.
2, 3, 433
List the prime factors of 106029.
3, 7, 11, 17
What are the prime factors of 12137?
53, 229
What are the prime factors of 590?
2, 5, 59
What are the prime factors of 662?
2, 331
List the prime factors of 882.
2, 3, 7
What are the prime factors of 46271?
46271
List the prime factors of 2845.
5, 569
What are the prime factors of 374?
2, 11, 17
List the prime factors of 78115.
5, 17, 919
What are the prime factors of 15397?
89, 173
What are the prime factors of 16938?
2, 3, 941
What are the prime factors of 21740?
2, 5, 1087
List the prime factors of 20707.
20707
What are the prime factors of 61903?
103, 601
List the prime factors of 45258.
2, 3, 19, 397
What are the prime factors of 4701?
3, 1567
List the prime factors of 38887.
37, 1051
What are the prime factors of 245?
5, 7
What are the prime factors of 660?
2, 3, 5, 11
List the prime factors of 376.
2, 47
List the prime factors of 7856.
2, 491
List the prime factors of 27922.
2, 23, 607
List the prime factors of 49058.
2, 19, 1291
What are the prime factors of 1979?
1979
What are the prime factors of 118182?
2, 3, 19697
What are the prime factors of 302?
2, 151
List the prime factors of 64839.
3, 21613
List the prime factors of 1282.
2, 641
What are the prime factors of 474?
2, 3, 79
What are the prime factors of 8887?
8887
List the prime factors of 2627.
37, 71
What are the prime factors of 22902?
2, 3, 11, 347
What are the prime factors of 7809?
3, 19, 137
List the prime factors of 112547.
241, 467
What are the prime factors of 8505?
3, 5, 7
List the prime factors of 4339.
4339
What are the prime factors of 55614?
2, 3, 13, 23, 31
What are the prime factors of 1520?
2, 5, 19
List the prime factors of 316.
2, 79
List the prime factors of 1401.
3, 467
What are the prime factors of 3157?
7, 11, 41
List the prime factors of 7205.
5, 11, 131
What are the prime factors of 6991?
6991
What are the prime factors of 18149?
18149
List the prime factors of 15174.
2, 3, 281
List the prime factors of 96120.
2, 3, 5, 89
List the prime factors of 1091.
1091
List the prime factors of 158598.
2, 3, 11, 89
What are the prime factors of 81?
3
What are the prime factors of 807?
3, 269
What are the prime factors of 41796?
2, 3, 43
List the prime factors of 41028.
2, 3, 13, 263
What are the prime factors of 3071?
37, 83
List the prime factors of 377.
13, 29
What are the prime factors of 87?
3, 29
List the prime factors of 78073.
101, 773
What are the prime factors of 9344?
2, 73
List the prime factors of 1642.
2, 821
List the prime factors of 3443.
11, 313
What are the prime factors of 19075?
5, 7, 109
What are the prime factors of 37?
37
List the prime factors of 3585.
3, 5, 239
List the prime factors of 221.
13, 17
List the prime factors of 2216.
2, 277
What are the prime factors of 6350?
2, 5, 127
What are the prime factors of 104141?
223, 467
List the prime factors of 766.
2, 383
What are the prime factors of 3399?
3, 11, 103
List the prime factors of 117682.
2, 29, 2029
List the prime factors of 2738.
2, 37
What are the prime factors of 4666?
2, 2333
List the prime factors of 44052.
2, 3, 3671
List the prime factors of 6627.
3, 47
What are the prime factors of 3124?
2, 11, 71
What are the prime factors of 1572?
2, 3, 131
What are the prime factors of 51691?
51691
What are the prime factors of 349?
349
What are the prime factors of 4904?
2, 613
List the prime factors of 22914.
2, 3, 19, 67
What are the prime factors of 71187?
3, 61, 389
List the prime factors of 63093.
3, 21031
What are the prime factors of 196?
2, 7
What are the prime factors of 1433?
1433
List the prime factors of 2694.
2, 3, 449
List the prime factors of 15450.
2, 3, 5, 103
List the prime factors of 202.
2, 101
What are the prime factors of 62?
2, 31
List the prime factors of 54843.
3, 101, 181
List the prime factors of 34962.
2, 3, 5827
What are the prime factors of 8569?
11, 19, 41
What are the prime factors of 4919?
4919
What are the prime factors of 23631?
3, 7877
What are the prime factors of 5262?
2, 3, 877
What are the prime factors of 2477?
2477
List the prime factors of 4554.
2, 3, 11, 23
What are the prime factors of 2674?
2, 7, 191
List the prime factors of 120.
2, 3, 5
What are the prime factors of 420?
2, 3, 5, 7
List the prime factors of 8882.
2, 4441
List the prime factors of 1221.
3, 11, 37
What ar